 is divided by o?
11
Let j(m) = -4*m - 15. Calculate the remainder when 7 is divided by j(-5).
2
Suppose j - 2*n - 8 = 0, 5*n = 10*j - 13*j + 57. Suppose 4*p = 3*p + 48. Let l = p - 21. What is the remainder when l is divided by j?
13
Let v(i) = -i**3 - i + 2. Let p be v(-2). Suppose 92 = 4*h + p. Suppose u = -5, 4*u = 3*k + 1 - 54. What is the remainder when h is divided by k?
9
Let o(c) = -2*c**2 - 4*c**2 + 59 + 5*c**2 - c + 0*c. Calculate the remainder when o(0) is divided by 15.
14
Let x = 5 - 5. Suppose x*s = -s + 17. Let a(o) = 9*o**2 + 2*o. Calculate the remainder when a(-2) is divided by s.
15
Suppose -2*s = -0*s - 46. Let j(p) = -p + 11. Let t be j(6). Let q(f) = f**3 - 4*f**2 - 4*f + 3. Calculate the remainder when s is divided by q(t).
7
Calculate the remainder when (-4)/(-20) - (-408)/10 is divided by -6*(-25)/(-10)*-1.
11
Let t = -20 + 12. Let n = t - -12. Suppose -5*o + g = -0*g - 58, 0 = 4*o + 5*g - 29. What is the remainder when o is divided by n?
3
Let g(h) = 3*h**2 + 3*h + 2. Let s be g(-2). Let f = s + -2. Calculate the remainder when 9 is divided by f.
3
Let n = 39 - 13. Calculate the remainder when 75 is divided by n.
23
Let o(a) = 6*a**2 - 1. What is the remainder when 12 is divided by o(-1)?
2
Let z = 39 + -21. Suppose j + 106 = 3*j. Calculate the remainder when j is divided by z.
17
Suppose 5*k - 2*b = b + 95, 5*b = -k - 9. What is the remainder when 63 is divided by k?
15
Let r(u) = u - 4. Suppose 0 = 2*n - n - 7. Let z be r(n). Suppose -5*d - 2 = -z*d - 3*k, -5*k = -20. What is the remainder when d is divided by 4?
1
Let h be 50 - (-2 + 0/2). Suppose -2*s + h + 150 = 0. Calculate the remainder when s is divided by 26.
23
Suppose 19 = 16*l - 45. What is the remainder when 15 is divided by l?
3
Calculate the remainder when 10 is divided by -3 - (0 + 18)/(-2).
4
Suppose -3*j - 801 = -4*g + g, -4*g - 2*j = -1080. Suppose l + 4*l + g = 4*a, 0 = -3*a + 3*l + 201. What is the remainder when a is divided by 17?
15
Let g = -77 - -86. Calculate the remainder when 26 is divided by g.
8
Let z = 61 - 105. Calculate the remainder when 65 is divided by (-10)/(-4)*z/(-5).
21
Suppose 1 + 20 = a. Suppose -3*i = 4*d - 31, -a = -i - 0*i + 4*d. Calculate the remainder when i is divided by 4.
1
Suppose 0 = 2*f - 3*u - 0*u - 13, -3*f + 9 = -u. What is the remainder when (-1 - 0) + (37 - 1) is divided by 11 + 2/4*f?
11
Let j = 72 + -42. Suppose j + 138 = 3*n. Calculate the remainder when n is divided by 19.
18
Suppose 2*z - 6 = 0, -6*c + c = 3*z - 4. Let o(v) = -1 - 10*v**3 + 0*v**2 + v**2 + 0. What is the remainder when 19 is divided by o(c)?
9
What is the remainder when (9/12)/((-4)/(-48)) is divided by 6?
3
Let c = 49 + -24. Let r = -28 + 76. Calculate the remainder when r is divided by c.
23
Suppose 2*u + 0*u - 68 = 0. Suppose -3*y + 16 = -11. Calculate the remainder when u is divided by y.
7
Suppose -5*f - 56 + 20 = -4*z, -3*f - 2*z - 4 = 0. Let x be ((-6)/f)/((-18)/24). Calculate the remainder when (22/8)/(x/(-16)) is divided by 12.
10
Suppose 0 = 4*s - 51 - 1. Let u(g) = -g**2 + 15*g - 11. Calculate the remainder when u(s) is divided by 8.
7
Let c(p) = 4 + p + 2*p - 9*p + p**2. Let v be c(4). Let u(m) = -7*m - 2. What is the remainder when u(v) is divided by 9?
8
What is the remainder when (78/4)/((-1)/(-2)) is divided by 21?
18
Suppose 4*d = d + 39. Calculate the remainder when (-3534)/(-95) - (-2)/(-10) is divided by d.
11
Let a = 28 + -19. Let b(r) = 33*r**3 - r + 1. Calculate the remainder when b(1) is divided by a.
6
Let p = 1 + 11. Let m = 8 + -1. Calculate the remainder when p is divided by m.
5
Suppose 3*r + 3*k - 30 = -0*r, -5 = -5*r + 4*k. What is the remainder when 54/8*(-8)/(-6) is divided by r?
4
Suppose 4*m = 10 + 18. Let f = 0 + 4. What is the remainder when m is divided by f?
3
Let n be 54 + (-6)/(-9)*3. Suppose -i = -5*i + n. What is the remainder when 26/(-4)*(-8 - -2) is divided by i?
11
Suppose 3 = -2*s + 1. Let l(i) = -22*i - 1. What is the remainder when l(s) is divided by ((-418)/57)/(2/(-3))?
10
Suppose -5*i = 4*l - 147, -7*i + 78 = 2*l - 3*i. Suppose -110*m = -115*m + 85. What is the remainder when l is divided by m?
16
Suppose 2*b = -0*b - 74. What is the remainder when (-2)/(-6)*(2 - b) is divided by 7?
6
Let f(y) = -y**3 + 5*y**2 + 3. Let o be f(5). What is the remainder when 37 is divided by o - (2 + -13) - 1?
11
Let b be ((-12)/10)/((-4)/10). Suppose -2*x + b*x = 0. Let a = x - -10. Calculate the remainder when 28 is divided by a.
8
Let n = -7 + 10. Let j(t) = -8*t - n*t + 4*t - 1. Calculate the remainder when 24 is divided by j(-2).
11
Let y = -5 - -6. Suppose 0 = 2*q - y - 5. Let h = 8 - 6. What is the remainder when q is divided by h?
1
Let k be 0 + (-2)/(8/44). Let y(p) = -p**3 - 10*p**2 + 7*p - 11. Calculate the remainder when y(k) is divided by 12.
9
Suppose 118 = k + k. Calculate the remainder when k is divided by 20.
19
Suppose 3*x + 6 = -2*d + d, 6 = 3*d + x. Let r be 3/(-9) + (-23)/d. Calculate the remainder when (-146)/r - 4/16 is divided by 10.
8
Let p be (-16)/(-9) + (-2)/(-9). Suppose -p*f - 2*f = -24. What is the remainder when 10 is divided by f?
4
Let a(y) = -y**3 - 4*y**2 + 8*y - 14. Calculate the remainder when a(-6) is divided by 8.
2
Let u = -8 - -18. What is the remainder when u is divided by 6?
4
Let h = -49 - -81. Calculate the remainder when 95 is divided by h.
31
Let c = 23 + -8. Suppose c = 2*f - 3*f. Calculate the remainder when 20 is divided by 5/f - 34/(-3).
9
Let s = 0 + 21. Let h = -94 + 156. Calculate the remainder when h is divided by s.
20
Let v = 88 - 75. Calculate the remainder when 38 is divided by v.
12
Let u(z) = -13*z - 24. Calculate the remainder when u(-6) is divided by 7.
5
Let w(g) = -1. Let p(o) = -2*o + 9. Let b(i) = p(i) + 6*w(i). What is the remainder when 26 is divided by b(-3)?
8
Suppose 4*r - 20 = 0, c - 4*r = 27 + 9. What is the remainder when 163 is divided by c?
51
Suppose -3*d - 4 = g, 2*d - 36 = -5*g + d. Suppose 8*n - 8 = 4*n. Calculate the remainder when g is divided by ((-6)/(-4))/(n/4).
2
Let g(n) = -65*n**3 + n**2 + 2*n + 1. Calculate the remainder when g(-1) is divided by 17.
14
Suppose -t + 44 = -2*i, -6*i + i = 4*t - 124. What is the remainder when t is divided by 2 + -3 + (-1 - -21)?
17
Let j(w) = -5*w**3 - w**2 - 2*w - 2. Suppose i + 120 = 7*i. What is the remainder when j(-2) is divided by i?
18
Let t = -8 - -11. Suppose 0 = -t*g + 24 - 0. What is the remainder when g is divided by 1/(-2) - 33/(-6)?
3
Suppose o - 4*o - 2*l + 18 = 0, -l + 3 = 0. Let k(p) = 1 - 2*p**3 - p**2 + 1 + p**3. What is the remainder when o is divided by k(0)?
0
Suppose 0 = -2*m + 3*k + 40, 3*k + 39 = 4*m - 35. Let p = 11 - -55. What is the remainder when p is divided by m?
15
Let t(k) = k**2 - 6*k + 5. Let i be t(5). Let l = -6 - -9. Suppose a - l = -i*a. What is the remainder when 5 is divided by a?
2
Let i(q) = -4*q**3. Let c be ((-2)/(-8))/((-10)/40). What is the remainder when 5 is divided by i(c)?
1
Suppose 2*g - 19 + 5 = 0. Calculate the remainder when 20 is divided by g.
6
Suppose -3*o + 0*o + 171 = 0. Calculate the remainder when o is divided by 20.
17
What is the remainder when (2/(-3))/((-52)/(-39))*-42 is divided by 5?
1
Suppose 11*b - 144 = -12. Calculate the remainder when b is divided by 8.
4
Suppose 22 = -3*i + 2*x + 127, -5*i = 4*x - 197. Suppose 5 = h - 15. What is the remainder when i is divided by h?
17
Let i = 5 + 17. Let u = 42 - i. Calculate the remainder when u is divided by 11.
9
What is the remainder when 10 is divided by (((-44)/8)/(-11))/((-3)/(-6))?
0
Let n = 33 - 0. What is the remainder when n is divided by (-3 - -4) + 4*4?
16
Let t(h) be the third derivative of h**6/120 + 2*h**5/15 + h**4/12 + 3*h**3/2 + h**2. What is the remainder when t(-7) is divided by 15?
14
Let y = 45 + -15. Calculate the remainder when y is divided by 16.
14
Let q(j) = -j**2 + 14*j - 14. Calculate the remainder when 32 is divided by q(11).
13
Let f(u) = -21*u - 16. What is the remainder when f(-7) is divided by 11?
10
Let h = 1 + 8. Let l(j) = -1 + 55*j - 53*j + 23*j**2 + j**2. Calculate the remainder when l(1) is divided by h.
7
Let k be (-2)/10 + (-32)/(-10). Suppose -2*s = k*s - 465. What is the remainder when s is divided by 24?
21
Suppose -72 + 10 = -